**2 + q - 40. Let x be w(39). Calculate the remainder when 13 is divided by ((-18)/3*x - 4)*1.
1
Suppose 0 = -s - 4 + 11. Suppose v = -s + 23. Let h = 3 + 3. What is the remainder when v is divided by h?
4
Let r = -5460 - -6386. Calculate the remainder when r is divided by 292.
50
Let k be (-49 + -1)/(-10) + -672. Let m = k + 832. What is the remainder when m is divided by 26?
9
Let o(f) = -f**3 - 2*f**2 - 35*f - 100. Calculate the remainder when 55 is divided by o(-3).
13
Suppose -3*w + 3*n = -63, 2*w - 3*w + 15 = 5*n. Let y = -1552 + 1650. What is the remainder when y is divided by w?
18
Suppose 140551*v - 140539*v - 16008 = 0. What is the remainder when v is divided by 262?
24
Let r(c) = -78*c - 6. Let b be r(-1). Let v = b - 69. Calculate the remainder when 6 is divided by 2/(2 - v/2).
2
Suppose 2*p + 5*f = 88, -4*p + 0*f = -2*f - 152. Suppose -9*g - l + 79 = 37, 4*l = 5*g + 4. What is the remainder when p is divided by g?
3
Let a = -4844 - -4887. What is the remainder when 1106 is divided by a?
31
Let h = 27556 - 18629. Calculate the remainder when h is divided by 96.
95
Suppose -7 + 21 = 7*q. What is the remainder when (1362/(-18) + -5)/(q/(-3)) is divided by 6?
1
Let q(m) = -3919*m - 9246. What is the remainder when q(-5) is divided by 167?
162
Let k(c) = 248*c**2 + 25*c - 24. Let b be k(1). Suppose 279 = 10*g + b. Calculate the remainder when 4 is divided by g.
1
Suppose -2*m = -96 + 98, 5*y - 3*m - 1193 = 0. What is the remainder when y is divided by 39?
4
Suppose 4*j + 5*n - 7 = 33, 3*j = n + 49. Let y = 0 + j. What is the remainder when 554 is divided by y?
14
Let t = 11039 - 11031. What is the remainder when 916 is divided by t?
4
Suppose 4*d = -m + 11 + 58, -2*d = 4*m - 38. Suppose 4*o + w - 87 - 80 = 0, -o + w = -48. Calculate the remainder when o is divided by d.
9
What is the remainder when 515 is divided by (-77 - -10 - (3 + -12))/(-2)?
22
Let o be (-2)/(-2)*1 + 2. Let j(m) = m**3 - 2*m**2 + 4. What is the remainder when -774*52/936 + 93 is divided by j(o)?
11
Let j(a) = -a**3 + 3*a**2 + 10*a + 8. Let i(n) = -3*n - 1. Let p be (-4)/3*(-39)/(-26). Let y be i(p). Calculate the remainder when 14 is divided by j(y).
6
Suppose 6*n = n + 390. Suppose 2*y = 8*y. Suppose y = -81*z + 95*z - 280. What is the remainder when n is divided by z?
18
Let k = 5121 - 5108. Calculate the remainder when 369 is divided by k.
5
Suppose 10375 = 462*f - 47*f. Calculate the remainder when 7922 is divided by f.
22
Suppose 3*m + 3*n = 6*m - 21, -5*n = -m + 23. Suppose z = -4*i + 66 - 17, -83 = -2*z - m*i. What is the remainder when 52 is divided by z?
15
Let x = -42 - -204. Let h = -81 + x. Let q = 54 - 37. What is the remainder when h is divided by q?
13
Let z = 333 - 261. Suppose -z*c = -85*c + 312. What is the remainder when 142 is divided by c?
22
Let p be -5 + 4 - (-35)/(-1). Let s = -110 - p. Let j = s - -87. What is the remainder when 88 is divided by j?
10
Suppose -q = 2*q - 9. Suppose 0 = 2*k + c + 193, -9*k + 5*c = -13*k - 377. Calculate the remainder when k/(-4) + (-180)/120 is divided by q.
2
Let l = -3 + 5. Suppose 5*w - 78 = s, -3*s = -3*w + l + 52. Suppose 5*p = 5*m - 130, 160 = -35*m + 35*m - 10*p. What is the remainder when w is divided by m?
5
Suppose 13*b - 18*b = -5*n - 900, 2*n = -10. Calculate the remainder when 1399 is divided by b.
174
Suppose -5*f + 9362 = 7*d, -2*f + 9936 = 5*d + 3241. Calculate the remainder when d is divided by 422.
75
Suppose -5*f = 4*k - 1160, -2*k + 42*f - 51*f + 632 = 0. Calculate the remainder when 4755 is divided by k.
275
Let w = -1799 - -1861. Calculate the remainder when 110 is divided by w.
48
Suppose -5*k + 3*h = -13 - 16, k - 15 = -4*h. Suppose -k*z + 72 = -4*z. Let t(p) = 32*p**2 - 2*p - 3. Calculate the remainder when t(-1) is divided by z.
7
Suppose -3*z - a = -4*z + 19, 9 = 3*a. Suppose 26 = 2*v - 4*q - 0*q, 4*q = -2*v - 14. Let b = v + 40. What is the remainder when b is divided by z?
21
Suppose -6*n + 75 = -n. Suppose -17*z + n*z - 8 = 0. Let l(v) = -v**3 - 2*v**2 - 2*v + 10. Calculate the remainder when l(z) is divided by 26.
24
Let y(j) = -15*j + 3. Suppose 2*x = 4*h + 3 - 19, 5*x - 10 = 0. Suppose 2*f = h + 29. Calculate the remainder when y(-3) is divided by f.
14
What is the remainder when (8 + -5362)*12/(-12) is divided by 103?
101
What is the remainder when (8777/(-201))/(3/(-9)) is divided by 47?
37
Suppose 0 = -5*l - 2*b + 144, 2*l + 104*b = 103*b + 59. Let a(m) = 97*m**2 - 1. Calculate the remainder when a(-2) is divided by l.
23
Let b(t) be the third derivative of -37*t**4/24 + 77*t**3/3 + 57*t**2. What is the remainder when (-1)/2*(-56 + 2) is divided by b(4)?
3
Let x(n) = 11*n - 55. Let k be x(7). Suppose 0 = k*u - 10*u - 3000. Calculate the remainder when u is divided by 63.
61
Let y = 13 + -13. Let w(i) = -6*i - 87. What is the remainder when (y + (-2)/(-4))*32 is divided by w(-16)?
7
Suppose f + 883 = 5*c - c, 5*f - 1110 = -5*c. Let r = 1494 + -1419. What is the remainder when c is divided by r?
71
Suppose 4*v + 12 = -4*p, -p = 4*v - 2*v + 7. Let x(h) = 6*h**2 - 6*h**3 - 3*h + p + 6*h**3 - 2 - h**3. What is the remainder when 54 is divided by x(4)?
16
Suppose 94*f + 51439 = 405255. Calculate the remainder when f is divided by 111.
101
Suppose -2*t - 2*z + 7*z = -453, 2*t - 3*z = 455. Suppose t = 6*f - 335. Calculate the remainder when 562 is divided by f.
92
Let c be -2 - (5 - (92 + 4)/4). Let w = c - -315. What is the remainder when w is divided by 21?
17
Let f = -16520 + 39202. What is the remainder when f is divided by 38?
34
Suppose -14*f - 88 = -v - 9*f, 3*f + 250 = 4*v. What is the remainder when 131 is divided by v?
15
Suppose -12*z = z - 52. Let m(p) = 15*p**2 + p + 19. Calculate the remainder when m(z) is divided by 8.
7
Suppose -h - 47 = -2*z, 5*z - 5*h + 0*h = 130. Let d = -1 + 14. Suppose -d*a = -9*a - 132. What is the remainder when a is divided by z?
12
Suppose -163*r - 151*r + 8228 = -270*r. Let x(s) = -4*s - 6. Calculate the remainder when r is divided by x(-4).
7
Let m = 2401 - 2356. Calculate the remainder when 2336 is divided by m.
41
Suppose -2*s - 5*l + 341 = 0, 5*s - 3649 = -4*l - 2805. What is the remainder when 11590 is divided by s?
166
Suppose 0 = -3*t + 38 + 4. Let a(r) = -2*r**3 + 14*r**2 + 6*r - 4. Let u be a(6). Let s = u - 51. What is the remainder when s is divided by t?
11
Let v(m) = -m**3 + 2*m**2 + m - 1. Let c(w) = 7*w**3 + 8*w**2 + 20*w - 95. Let t(x) = c(x) - 2*v(x). What is the remainder when t(5) is divided by 9?
7
Calculate the remainder when 88600/32 - (45/12 + -4) is divided by 231.
228
What is the remainder when (660/36 + -15)*15 is divided by 47?
3
Suppose 3*a + c - 275 = 0, 35*a - 187 = 33*a + 3*c. Calculate the remainder when 385 is divided by a.
17
Let b(r) = 23*r**2 + 9*r + 9. Let c be b(-1). What is the remainder when 67 is divided by -16 + c + 1*-2?
2
Suppose -20571 = -272*r - 3369 + 1022. Suppose -1096 = -4*w - 312. What is the remainder when w is divided by r?
62
Suppose -2*x - 54*v + 53*v = -939, 0 = 4*x - 6*v - 1886. Calculate the remainder when 1417 is divided by x.
7
Let l(f) = f + 12. Let v be l(-8). Suppose -2*y + 0*m - 4*m + 278 = 0, 0 = v*m - 20. What is the remainder when y is divided by (0 - (3 - 105/5)) + 4?
19
Let b = -7 + 12. Suppose 2*g - 5*p = -6, -4*g = 5*p - 9*p. Suppose g*q - 34 = -12. Calculate the remainder when q is divided by b.
1
Let g = 306 - 292. Calculate the remainder when 0 - -1 - (0 - 29) is divided by ((-26)/(-1))/(-12 + g).
4
Let q = -1256 + 1321. Calculate the remainder when 242 is divided by q.
47
Suppose 10 = 4*f + 3*q + 4, -3*q = -5*f - 6. Let h = 24 - f. Let c(u) = -u**2 + 52*u - 310. What is the remainder when c(11) is divided by h?
21
Suppose 14*o = -0*o + 1036. Let j = -2 - -37. Suppose j = 3*c - 10. What is the remainder when o is divided by c?
14
Let q be (-3)/36*-159*-4. Let k(l) = l**3 + 9*l**2 + l + 11. Let u be k(-8). Let p = q + u. What is the remainder when 54 is divided by p?
12
Let b(a) = 20*a + 361. Calculate the remainder when b(10) is divided by 74.
43
Let k(u) = 10*u**2 - 169*u + 41. What is the remainder when -43*((-6)/(-2) - 7) is divided by k(17)?
56
Let u = 6 + -4. Suppose 3*s = -u*s + 50. Suppose 10*i = -856 + 916. What is the remainder when s is divided by i?
4